= l - 57. List the prime factors of g.
2, 17
Let m(o) = -31*o - 28. List the prime factors of m(-10).
2, 3, 47
Suppose -4*d + 53 + 43 = 0. What are the prime factors of (-6)/(d/(-1220)) + 1?
2, 3, 17
Let h(q) = -3*q + 36. Let m be h(25). What are the prime factors of (301/(-3))/(13/m)?
7, 43
Let b(z) = -4*z - 2. Let x(l) = l - 1. Let s(k) = -3*k - 9. Let u(p) = s(p) - 4*x(p). Let i(h) = 5*b(h) - 2*u(h). List the prime factors of i(-4).
2, 3
Let p be 4 - 0/(-2 + 4). Suppose 0 = -p*u + i + 91, 2*u - 2*i - 65 + 15 = 0. Suppose -5*b = 3*k - 5, b = 6*k - 2*k - u. What are the prime factors of k?
5
Let r(j) = 74*j - 4 + 20*j + 1. List the prime factors of r(1).
7, 13
What are the prime factors of 3 + 4/6*7728/32?
2, 41
Suppose n - 16 = -3*n. Suppose 4*s - 74 = k, 3*s + n*k - 31 = 15. Suppose 5*p = -p + s. What are the prime factors of p?
3
Let u(g) = g + 17*g**2 - 3 - 2 - 6*g + 6*g. Let a be u(-3). Suppose -3*r = 4*f - a, 30 = 5*f + 4*r - 150. What are the prime factors of f?
2, 5
Let m(j) = 31*j**2 + 14*j. Let w = -58 + 61. List the prime factors of m(w).
3, 107
Suppose 508 = 5*z - 2022. Suppose 29*o - 27*o - z = 0. List the prime factors of o.
11, 23
Let h = 112 + -66. Suppose -9*w - r + 81 = -5*w, 5*r = 5*w - 70. Suppose h = 5*a - w. What are the prime factors of a?
13
Let d be ((-20)/25)/((-2)/10). Suppose 0 = d*s - 11 - 5. What are the prime factors of s?
2
Suppose -h = -6*h + 20. Suppose -305 + 89 = -h*x. What are the prime factors of x?
2, 3
Suppose -44 - 4 = -4*l. Let v be (6 - 0)*(-8)/l. Let n = v - -14. List the prime factors of n.
2, 5
Let g = 383 - -762. What are the prime factors of g?
5, 229
Let y(z) = z**2 - 2*z - 1. Let j be y(2). Let o = j - 5. What are the prime factors of ((-120)/(2 + o))/1?
2, 3, 5
Suppose -28 = -3*v - 1. Let u = v + -4. Suppose -u*n - 2*n + 126 = 0. What are the prime factors of n?
2, 3
Let k = -148 + 1100. What are the prime factors of k?
2, 7, 17
Suppose -2*y = -5*u + y + 845, 3*u - 507 = 5*y. What are the prime factors of u?
13
Let p = -6 - -9. Suppose -p*m = -m - 62. List the prime factors of m - 5/(15/9).
2, 7
Suppose -20 = 3*g - 41. Let f(x) = 26*x - 76. List the prime factors of f(g).
2, 53
Let k(a) = -243*a - 366. List the prime factors of k(-9).
3, 607
Let o(c) = -4*c**2 - 3*c - 8. Let q(l) = 3*l**2 + 4*l + 7. Let h(y) = 2*o(y) + 3*q(y). List the prime factors of h(-9).
2
Suppose -4*z = -3*a - 2429, -2*z = -2*a - 1462 + 248. What are the prime factors of z?
2, 19
Let u(n) = 204*n + 5639. What are the prime factors of u(0)?
5639
Suppose -7*f + 9*f = 1692. List the prime factors of f.
2, 3, 47
Let p = 22 - 17. Suppose -p*l + 231 = -24. Let b = 98 - l. List the prime factors of b.
47
Let c(r) = 13*r**2 - 9*r - 36. What are the prime factors of c(9)?
2, 3, 13
Let o = 796 + -668. List the prime factors of o.
2
Let b(d) = -d**2 - 32*d - 80. What are the prime factors of b(-18)?
2, 43
Let v = -10 - -11. Let i(s) = 10*s**2 + s + 2. Let k be i(-1). Let m = v + k. What are the prime factors of m?
2, 3
Suppose 42 = z - 34. Suppose 8*l = d + 3*l - 38, 0 = 2*d - l - z. List the prime factors of d.
2, 19
Suppose 71 = 4*p - 5. Suppose -p*h + 8*h = -1144. List the prime factors of h.
2, 13
Let q = 143 + 1098. List the prime factors of q.
17, 73
Suppose 0 = 2*a - 6 + 2. Suppose 66 = a*f + 6. What are the prime factors of f?
2, 3, 5
Suppose -2*o = -16*o + 6986. What are the prime factors of o?
499
Let c = -147 - -233. What are the prime factors of (c + 0)*1/2*3?
3, 43
Let z be ((-2)/(-3))/(4/30). Let y be (z + -7)*2*-1. Suppose 2*x + 42 = y*x. What are the prime factors of x?
3, 7
Suppose -534*b = -529*b + d - 5221, -5*d = 3*b - 3115. What are the prime factors of b?
5, 11, 19
Let t(x) = x**2 - 3*x + 2. Let y be t(7). Suppose q + 2*q = -y. List the prime factors of (-76)/q*(-75)/(-30).
19
Let u(h) = h**3 - 2*h**2 - 3*h. Let j be u(-2). List the prime factors of (48/(-10))/(j/375).
2, 3, 5
What are the prime factors of (-2)/(-3) - (5 + (-36505)/21)?
2, 3, 17
Let f(h) = -h**3 - 17*h**2 - 2*h - 8. Let p = 20 - 37. What are the prime factors of f(p)?
2, 13
Suppose 2*m - f + 11 = 0, -m = 4*f + 15 + 13. List the prime factors of 10/4*(-4)/40*m.
2
Let h(f) be the second derivative of -f**4/12 + 4*f**3/3 - 7*f**2/2 + 14*f. What are the prime factors of h(6)?
5
Let v(n) be the first derivative of n**4/4 + 14*n + 4. List the prime factors of v(0).
2, 7
Let o be 0/1*(-5 - -6). Suppose 2*s + 10 = 4*w, -w + s + 3 = -o*s. Suppose 0 = w*j, v - 4*j - 65 = -5*j. What are the prime factors of v?
5, 13
Suppose -2*q + 8 = g + 2*q, -2*g - 4*q = -16. Let l = -211 + 303. Suppose -n = h - 11 - g, l = 5*h + 2*n. List the prime factors of h.
2, 3
List the prime factors of (2/((-80)/(-230)))/((-3)/(-2184)).
2, 7, 13, 23
Let s be -1 + (-3 - (-27)/3). Suppose 395 = s*f - 410. Suppose 3*d - 181 = 2*t, f = 3*d - t + 3*t. What are the prime factors of d?
3, 19
Suppose -2*r + 2 = -2*t + 6, 5*t - r = 14. Suppose 218 = t*j - 199. List the prime factors of j.
139
Let g = 19 + -15. Suppose 3*a = -g*j + 5, 5*a + 5 = -20. Suppose 4*p - 60 + 7 = -l, l + 73 = j*p. List the prime factors of p.
2, 7
Let o = -94 - -99. Suppose u - 24 = -3*h, 0 = h - 6*h - o*u + 30. List the prime factors of h.
3
Suppose -2*c = 4*l - 508, -3*l - 2*c = -l - 256. List the prime factors of l.
2, 3, 7
Let z = 2723 - 1821. What are the prime factors of z?
2, 11, 41
Suppose -6*q - 3*v = -q + 4, 4*v = 2*q - 14. Let r be (27 - 3) + -2*q. Suppose y - 2*y + r = 0. List the prime factors of y.
2, 11
Let x = 6191 - 3303. List the prime factors of x.
2, 19
Let g(f) = f**3 - 2*f**2 - f + 2. Let m be g(0). Let w(l) = 7*l**2 - 3*l + 2. List the prime factors of w(m).
2, 3
Suppose c + 2 = -0. Let z be (-3 + 1 + 2)/c. Suppose z = -6*q + q + 55. List the prime factors of q.
11
Suppose -154 = -4*t - 2*q + 814, 4*t + 4*q - 976 = 0. What are the prime factors of t?
2, 3, 5
Suppose 3*k + 63 = 3*s - k, 0 = -3*k. Suppose 0 = -26*t + s*t + 840. List the prime factors of t.
2, 3, 7
Suppose 4*t - 32 = -u, 3*u + 24 = -2*t + 5*t. Let z(o) = 4*o - 3. List the prime factors of z(t).
29
Let g be 21 + (1 - -2*1/2). Suppose -3*s = -4 + 1. Suppose s = 2*a - g. List the prime factors of a.
2, 3
Let m(d) = 3*d**3 - 3*d**2 + 22. What are the prime factors of m(7)?
2, 113
Let c be (-10)/(-4)*(-64)/(-10). Suppose 13*z + 6 = c*z. Suppose -6*i + 2*i + 39 = 3*x, 5*x - 37 = -z*i. What are the prime factors of i?
2, 3
Let c(a) = -15 + 7 + 58*a - 8*a + 11. What are the prime factors of c(3)?
3, 17
Suppose -2*o + 2*z = 0, -3*z - 4 + 39 = 4*o. Suppose 29 = i + 3*q, -108 = -4*i + q - o*q. What are the prime factors of 4/i - 1426/(-26)?
5, 11
Let i = 10 - 45. Let f = -5 - i. List the prime factors of f.
2, 3, 5
Suppose -4 = -j + n + 76, 3*j + 5*n = 272. What are the prime factors of j?
2, 3, 7
Suppose 9*p - 2690 = -p. List the prime factors of p.
269
Let z(g) be the second derivative of 5*g**3/6 - 3*g**2/2 - 2*g. Let m be z(-6). Let k = -17 - m. What are the prime factors of k?
2
Suppose 15 = 4*v + 5*y, 2*y + 33 = 5*v + 6. Suppose 0 = -v*t - 5*n + 750, -t + 5*n + 27 + 111 = 0. What are the prime factors of t?
2, 37
What are the prime factors of -12 + -1 + (-1 - -5974)?
2, 5, 149
Suppose 2*o - 5*o - 6 = 0. What are the prime factors of ((-45)/25*o)/((-2)/(-60))?
2, 3
Let g(n) = -n + 9. Let x be g(10). Let z = 1 - x. Suppose 0 = -c + 2*d + 3, c - 15 = -z*c + 4*d. What are the prime factors of c?
3
Let m be -4 + (-302)/(-12) - 1/6. Let w(p) = 3*p - 32. List the prime factors of w(m).
31
Suppose -2030*d = -2024*d - 2298. List the prime factors of d.
383
Let u = 482 - 344. List the prime factors of u.
2, 3, 23
Suppose 4*k = 3*x + 9339, -17 - 3 = 4*x. What are the prime factors of k?
3, 7, 37
Suppose -11*k + 2*g - 276 = -15*k, -2*k - 5*g = -138. What are the prime factors of k?
3, 23
Let i = -16 - -20. Suppose 0 = i*z - p - 25 - 57, -27 = -z - 3*p. List the prime factors of z.
3, 7
What are the prime factors of (-2)/(-4)*(-3410)/(-5)?
11, 31
Let j = -957 - -1683. List the prime factors of j.
2, 3, 11
Let w(k) = 9*k + 8. Let j be w(-5). Let s = j - -29. What are the prime factors of s/((5 + 1)/(-3))?
2
Let k = 5 - 35. Let n = k + 69. Let b = 16 + n. What are the prime factors of b?
5, 11
Let c = -34 + 39. Let v = 26 - c. What are the